3 + -6. Let f(v) = v**3 - 8*v**2 + 3*v - 6. Determine f(p).
-34
Let a(n) = -n - 1. Let h(y) = 3. Let u(b) = 3*a(b) + 2*h(b). Let p be 45/2 - 21/14. Let c be (9/p - 1)/((-18)/63). Determine u(c).
-3
Let a = 56 - 54. Suppose -a*w = 4*w - 36. Let k(o) = 4*o**2 - o**3 - o + 8*o + o**2. Determine k(w).
6
Let x = -17 - -22. Let c(o) = -3*o**3 - 3*o + x*o + 1 + 8*o**3. Give c(-1).
-6
Let a(b) = -4 + 7*b**2 + 7 - 3*b**2 + 13*b**3 + 4*b. Let s(w) = -26*w**3 - 7*w**2 - 7*w - 5. Let k(m) = 5*a(m) + 3*s(m). Suppose -5*j = -j + 4. Calculate k(j).
13
Let q(s) = -6*s**2 + 7*s**3 + 1 + 4*s**3 - 2*s - 10*s**3. Give q(6).
-11
Let h be 1 - (-2 - (0 - 5)). Let t = -2 - h. Let v(s) be the third derivative of -s**5/60 + s**4/24 - 4*s**3/3 - 323*s**2. What is v(t)?
-8
Let g(y) be the first derivative of 3*y**3 - y**2/2 - 2*y - 308. Give g(2).
32
Let z(k) = k**2 - k + 2. Let a = 78 + -139. Let g = 61 + a. Determine z(g).
2
Let l(z) = -z**2 + z - 1. Let t = 14 + 16. Let h be (-2)/6 - t/18. Calculate l(h).
-7
Let b(h) be the third derivative of -h**6/120 - 7*h**5/60 + h**4/8 - 382*h**2. Calculate b(-7).
-21
Let f(m) be the third derivative of m**5/60 + 5*m**4/8 + 9*m**3/2 - 274*m**2. Give f(-13).
1
Let o(m) be the second derivative of m**5/20 + m**4/2 + 2*m**3/3 - 3*m**2/2 - 2*m. Let b = 4 - 1. Suppose -b*q - 2*q = 25. Calculate o(q).
2
Let j(i) be the first derivative of 3*i**5/10 - i**3/3 + i**2/2 - 6*i - 7. Let v(m) be the first derivative of j(m). Determine v(1).
5
Let y(r) = 34*r**2 - 6 + 40*r**2 + 31*r**2 + 33*r**2 - 137*r**2. Let f(q) = q**3 - 6*q**2 + 5*q. Let j be f(5). Determine y(j).
-6
Let c(m) be the third derivative of -m**6/120 - m**5/10 + m**4/3 + 5*m**3/3 + 41*m**2. Calculate c(-7).
3
Let l(h) = 6*h + 47. Let b be l(-6). Let j(r) = 4*r - 16. Determine j(b).
28
Let m(g) = -10*g**2 - 7*g + 13. Let j be 2*(1 + 4/((-16)/(-10))). Let y(u) = -7*u**2 - 5*u + 9. Let s(o) = j*y(o) - 5*m(o). Give s(0).
-2
Let z(t) = -t**3 + 18*t**2 + 19*t + 10. Let o = -1270 - -1289. Determine z(o).
10
Let k(c) = c - 1. Let u be k(-6). Let x be 0 - 0 - u/(-1). Let p(v) be the second derivative of v**4/12 + 7*v**3/6 - 2*v**2 + 8*v. Give p(x).
-4
Let h(q) = -q**3 + q**2 + 3*q - 3. Let w be h(2). Suppose 3*s = z - 1, 2*s + 4 = 7*s + 4*z. Let g(j) = -4*j + s*j + 2*j - j. Calculate g(w).
3
Suppose 37*t - 15*t - 176 = 0. Let o(k) = k - 12. Give o(t).
-4
Let r(l) be the third derivative of 19*l**4/24 - l**3/6 + 85*l**2. What is r(-1)?
-20
Let c(w) = w**2 + w + 6. Let l be c(0). Suppose a + 5*p = -13, 5*a = 2*p - l + 22. Let n(f) = -f**3 + f**2 - f. Calculate n(a).
-6
Let a(g) = -g**3 + 2*g**2 + g + 2. Let q(s) = -3*s**3 + 5*s**2 + 2*s + 5. Let p(b) = -5*a(b) + 2*q(b). Let m = 96 + -97. Calculate p(m).
2
Let c(p) = 5*p - 26. Let x(o) = -3*o + 21. Let s(q) = 4*c(q) + 5*x(q). What is s(-1)?
-4
Let j(u) = -3*u**3 + 4*u**2. Let k(v) = v**3 + 3*v**2 + v. Let a(s) = j(s) + 2*k(s). What is a(10)?
20
Suppose 45 = -5*t - 2*g, 2*g + 9 = -t - 0*g. Let j = t + 4. Let p(c) = c**3 + 5*c**2 + 2*c + 3. Calculate p(j).
-7
Let o(j) = -2*j**3 - j**2 + 3*j - 2. Suppose 39 = 43*i - 4. Give o(i).
-2
Let s(q) = 6*q + 53. Let p be s(-10). Let t(z) = 0 - z - 5 + 3. Give t(p).
5
Suppose -8*g = -19*g + 209. Let k(x) = 8*x + 5*x**2 - g*x + 5*x + 5*x. What is k(1)?
4
Let z = 107 - 104. Let u(c) = 8*c - 19. Let d be u(z). Let l(j) = -j**3 + 6*j**2 - 6*j + 7. What is l(d)?
2
Let y(u) = u. Let n = -3 - -8. Let p(j) = -4*j - 3. Let w(s) = n*y(s) + p(s). Suppose -2*o - 16 = -4*l, 56*o = 52*o + 4*l - 16. Give w(o).
-3
Let v(q) = -q**2 - 3*q - 2. Suppose 0 = -j + 21 + 147. Let h = 171 - j. What is v(h)?
-20
Let d(n) be the third derivative of -n**5/60 + 5*n**4/12 - n**3/6 - 9*n**2 - 6. Determine d(7).
20
Suppose -5*w + 27 = -r, 2*w + 5*r - 31 = -4. Let s(v) = -3*v + 13. Give s(w).
-5
Let h(j) = -3*j + 5. Let w be (-1 + (-6)/10)/(20/(-50)). Give h(w).
-7
Let h(w) be the third derivative of w**5/60 + w**4/12 - 2*w**3/3 - 5*w**2. Let i be 1*(2 - 3) - 4. Let v = i - -1. Calculate h(v).
4
Let r(v) = v**3 + 4*v**2. Let n = -3 - 1. Let u be r(n). Let k(y) = -y**2 + y + 9. Calculate k(u).
9
Let z(k) = -k + 3. Let r(q) = -9*q + 20. Let t(b) = -5*b + 10. Let f be (98/8)/7*-4. Let o(m) = f*t(m) + 4*r(m). Let u be o(6). Determine z(u).
-1
Let d(a) = 63*a + 190. Let u be d(-3). Let y(f) = -8*f**2 + 2*f**2 + 3*f - 1 - 2*f. Determine y(u).
-6
Let s = -30 - -33. Suppose z + 12 = -s*z. Let a(h) = h**3 + 4*h**2 + 5*h + 2. Determine a(z).
-4
Let x(h) = -h**2 + 12*h - 19. Suppose -4*d = -4*w + 60, -5*w + 12*d + 35 = 15*d. Calculate x(w).
1
Let i(f) = 509*f - 259*f - f**2 - 257*f - 15. Let v be i(-4). Let y(o) = o**2 + 5*o + 2. What is y(v)?
-4
Let i(o) = 0 + 2 - 2*o + 4*o. Let n be (-2 - 10/(-4))/((-3)/(-294)). Let x = 51 - n. What is i(x)?
6
Let o(c) = -2 + 2*c + 0 - 3. Let v(w) = -w + 6. Suppose 5*s - 5*g = 10, -3*s - 11 = 3*g + 7. Let j(f) = s*o(f) - 3*v(f). Determine j(-5).
-3
Let u(p) = p + 5. Let g = -28 - -22. Determine u(g).
-1
Let m(k) be the third derivative of -k**6/120 - k**5/12 - k**4/24 + 2*k**3/3 + 3*k**2. Let p = 46 - 25. Let s = -24 + p. Give m(s).
-11
Let x(v) = v + 7. Suppose -2*c + 4*m + 11 = 1, 2*c + m - 5 = 0. Let f = 2 + c. Suppose -f*g - 1 - 14 = 0. Determine x(g).
4
Suppose 0 = -4*t - 5 + 141. Let z = t - 31. Let l(c) = c**3 - 2*c**2 - 2*c + 2. Give l(z).
5
Let b(y) be the second derivative of -y**4/12 + 5*y**3/2 + 8*y**2 - 2*y. Let r be b(16). Let s(h) = h + 2. Give s(r).
2
Let p(v) = -36*v**2 - 2*v - 1. Let l(r) = r**2 + 23*r - 79. Let z be l(3). Determine p(z).
-35
Suppose -8 = s - 5*s. Suppose 8 = f - c, 4*f - 20 = s*f - 2*c. Let b be (1/(-2))/(f/(-108)). Let z(k) = -k**2 + 6*k + 1. Determine z(b).
1
Let m(f) = 2*f + 7 + 214*f**2 - 215*f**2 - 3*f. Let c(w) = -w**2 - w + 7. Let g(t) = -3*c(t) + 4*m(t). Determine g(0).
7
Let h(k) = 2*k**2 - 7*k + 8 + 12*k - 8. Give h(-5).
25
Suppose w - n = -3*n + 39, 5*w = -3*n + 223. Let k(v) = 1 + 49*v - 5 - w*v. Let a be ((-6)/(-4))/(6/20). Give k(a).
6
Let h be 102/90 + 6/(-45). Let r(b) = -5*b - 1. Let k(q) = -2*q - 1. Let g(o) = h*r(o) - 3*k(o). Let a = -4 + 2. What is g(a)?
0
Let w be 3 - -1*4/(-1). Let u(z) = 3*z**2 - z - 1. Let q be u(w). Let j(d) be the second derivative of d**3/6 - d**2/2 - d. Determine j(q).
2
Let t(v) = 22*v - 1. Let p(i) = i - 6. Let o be p(7). What is t(o)?
21
Let r(z) = z**2 + z - 1. Let s(t) = t**3 - 10*t**2 - 13*t + 19. Let k be s(11). Let h(x) = 3*x + 12. Let f be h(k). What is r(f)?
11
Let x(h) = h**3 - 3*h**2 - 2*h - 8. Let m be x(4). Let g(f) be the third derivative of -5/6*f**3 + 0 + 2*f**2 - 1/24*f**4 + 0*f. What is g(m)?
-5
Let x(k) = -2*k + 4. Let q(c) = c**3 - 9*c**2 + 10*c - 19. Let o be q(8). Let b(g) = -3*g + 5. Let a(t) = o*b(t) + 4*x(t). Determine a(6).
7
Suppose -2*v + u - 1 = -0*u, -3 = 3*u. Let f(j) = 1287303 - 1287304 - 16*j**2 - 2*j + 2*j. What is f(v)?
-17
Let m(d) = -d**3 + 2*d**2 - 3*d + 2. Let t be m(2). Let k(a) be the third derivative of 0*a + 0 - 1/24*a**4 + 0*a**3 - 3*a**2. Give k(t).
4
Let i(q) = -3*q + 3. Let r = -49 - -55. Give i(r).
-15
Let p = 51 - 35. Let a = p - 12. Let c(y) = -y**3 + 3*y**2 + 2*y + 2. Give c(a).
-6
Let p(s) be the third derivative of -s**6/40 - s**5/60 - s**4/24 + 53*s**2. Determine p(-1).
3
Let z be (-2 - 0)*((-441)/(-18))/7. Let s(d) = d**3 + 7*d**2 - 4*d - 4. Determine s(z).
24
Suppose 5*q = -3*u - 3, 4*u - 2*q + q = 19. Let o(n) = 1 - 1 - u*n + n. Determine o(2).
-6
Let a be (0 - -2)*(3 + (-5)/5). Suppose 3*r = -u + a, 0 = -4*u + 2*u - 3*r + 11. Let m(i) = i - 3. Calculate m(u).
4
Let a(d) = 25*d - 53*d + 27*d + d**2 + 8 + d**3. Let c = -16 - -16. What is a(c)?
8
Let b(u) = -u**2 + 5*u + 4. Let c be 18/(-6) + 2/2. Let j be 300/28 - c/7. Let v = -6 + j. Give b(v).
4
Let k(m) be the first derivative of 5*m**2/2 + 63. Let t(s) = -11*s. Suppose -x = -3*x - 26. Let w(i) = x*k(i) - 6*t(i). What is w(-4)?
-4
Let b(j) = j - 15. Let o = 23 - 6. Let h be b(o). Let c(u) = -4*u - 5 + 4 + 3*u. Give c(h).
-3
Let r(d) = 16*d**2 - 14*d + 11. Let f(x) = -13*x**2 + 12*x - 10. Let m(l) = -6*f(l) - 5*r(l). Give m(4).
-35
Suppose -3*b + 336 = 13*b. Let t(r) = 2*r - 38. Determine t(b).
4
Let l(n) = 3*n - 5. Let u(a) = 7*a - 11. Suppose -51 = -5*d + 3*o, -5*d - 3*o + 41 = -o. Let g(v) = d*l(v) - 4*u(v). Let t